e
Let l be ((-812)/(-87))/((-1)/(-1071)). Let i = -4455 + l. Is i a prime number?
False
Let h be 27/108 + 2 + (-19514)/8. Let q = 3722 + h. Is q composite?
True
Suppose l + 4 - 1 = 0. Is 2/l*714351/(-22) composite?
False
Let p(a) = 36*a**3 + 2*a**2 - 3. Suppose 4*o - 8 = -4*x, o + 3*x - 4 = -o. Let f be (-4 - 1)/(-3 + o). Is p(f) a composite number?
False
Let g(j) = -3*j + 20. Let d be g(6). Suppose 5*k = -0*o - 3*o + 1447, 0 = -d*k + 4*o + 584. Suppose 13*p = 15*p - k. Is p prime?
False
Let h be (4 + -4 + -4)*(-24134)/8. Suppose -72836 + h = -4*c + 5*b, 3*b - 75952 = -5*c. Is c a composite number?
True
Let u be (0/(-4) + 4 - -9) + -1. Let a(s) = 1720*s - 1. Is a(u) prime?
True
Let k(d) = -d**3 + 18*d**2 + 44*d + 3. Let a be k(20). Let z(j) = 23*j - a*j - 17 + 24. Is z(-8) a composite number?
False
Let m(o) = o**2 + 17*o + 26. Let g be m(-20). Let p = -78 + g. Is (p - -188) + (4/1 - 1) composite?
False
Let l(o) = -11*o - 10*o**2 - 52 - o**3 + 56 - 7*o**2 - 8*o. Is l(-19) a prime number?
True
Let n = -160 + 566. Suppose -4*u + n = -358. Is u a composite number?
False
Suppose -26736 = 2*o - 5*v, -2*o - 17*v + 19*v = 26736. Let w = o - -20371. Is w a prime number?
False
Suppose 66*q - 14 = 59*q. Suppose 2*s = -8, 5*s + 238 = q*c + 9*s. Is c prime?
True
Let u = -110 + 115. Suppose 4*a - 1256 - 973 = -3*n, -4*a + 3715 = u*n. Is n composite?
False
Let w = 7 + -4. Let c(h) = 132*h**2 - 9*h + 30. Is c(w) prime?
False
Let d(n) = 10*n**3 + 10*n**2 - 47*n + 440. Is d(9) prime?
True
Let f be (8 + -3 - 3 - -1)/1. Suppose -h + f*t = -499, 0*h + t + 1008 = 2*h. Suppose k = -4*n - n + 2525, 0 = n - 5*k - h. Is n prime?
False
Let f = -244 + -286. Let b = f + 254. Is (b/18)/(2/(-129)) composite?
True
Let m(y) = y**2 - 5*y - 146. Let r be m(-10). Suppose r*a = 11*a - 31829. Is a a composite number?
False
Let k = 473830 - 300213. Is k a composite number?
False
Suppose 22*h - 32340 - 36454 = 0. Let w = h - -7590. Is w prime?
False
Suppose -9*f = -40 + 40. Suppose -x = -f*x - 511. Is x a composite number?
True
Let z = 247013 + -40420. Is z a prime number?
True
Suppose 0 = 2*y - 12*c + 14*c - 199902, -y + 5*c = -99975. Is y composite?
True
Let z(v) = 12*v**2 - 11*v + 5. Suppose -5*m = -10*m + 25. Let n(u) = -11*u**2 + 12*u - 6. Let q(c) = m*z(c) + 4*n(c). Is q(6) composite?
True
Let o(x) = 9*x**2 + 3*x - 1. Let f be o(-1). Suppose -15*l = -19*l + f*m + 59572, 5*l + 5*m - 74465 = 0. Is l a prime number?
False
Suppose 7 = 2*x - y, -4*x = 3*y + 4 - 3. Suppose -3*h + 2*b + 747 = 0, -h - x*b + 124 = -133. Is h prime?
True
Suppose -3*o = 7 - 46. Suppose 11*c = o*c + 12. Is (-4)/c*-6 + (1 - -130) a composite number?
False
Is 3/(18/(-478))*-3716 + 96/(-288) a prime number?
True
Suppose 95*p - 107*p + 276 = 0. Suppose -86 = -c + 3*d, -2*d = -3*c + 311 - 39. Let g = p + c. Is g a composite number?
True
Suppose 9*x + 18419 = 74360 + 366168. Is x prime?
True
Is (-1013139)/(-18) - 63/14 prime?
False
Let i be -47*(966 + 6)/(-6). Suppose -5*y - 2*b = -12908 - 6115, 2*b - i = -2*y. Is y a prime number?
True
Suppose t = 12*y - 17*y - 5, 5 = t. Let m(u) = -6346*u - 85. Is m(y) prime?
False
Suppose 3*y = 0, 3*d = -22*y + 24*y - 13065. Is (-57 - d)*1/2 a prime number?
False
Let h(o) = -2194*o + 1819. Is h(-13) a prime number?
True
Let p(b) = 147*b**2 + 45*b + 2339. Is p(70) composite?
False
Suppose 11*v + 8*v = 2109. Suppose -v = n - 348. Is n prime?
False
Suppose -428*d = -427*d - 36489. Suppose -9804 = -q - 5*a - 2497, -2*a = 5*q - d. Is q prime?
True
Let f(j) = -j + 799. Suppose -10*r + 27 = -73. Suppose -2*z - 4*g + g - 6 = 0, 2*z - 5*g - r = 0. Is f(z) a composite number?
True
Suppose 0 = -73*y + 1517117 + 2423934. Is y prime?
True
Let j be (-61220)/(-15) + 1/(-3). Let k = 1846 - j. Let x = -1586 - k. Is x a prime number?
False
Suppose -4*s - 2*v = -8, 0 = 4*s + v - 2*v - 2. Is s + (1424*8 - 0) a composite number?
False
Let b be -2 - 3/((-12)/952). Is ((-59)/b)/((-2)/13544) a composite number?
False
Is 789919/(-26)*(-534)/39 - 2/(-13) a prime number?
True
Let b(a) = 15*a**2 + 2*a + 63. Let t(f) = -77*f**2 - 9*f - 316. Let x(n) = 11*b(n) + 2*t(n). Is x(-8) a composite number?
False
Let q be (-15)/(-20)*4 + -30. Let u be (18/q - (-1 + 1))*-3. Suppose -4*h + u*h + 510 = f, 0 = -3*h + 12. Is f composite?
True
Suppose 708 = 28*v - 272. Is v*(-924)/(-30) + 1*4 a composite number?
True
Let p(c) = -12*c**3 + 2*c**2 + c - 14. Let z(s) = -s**2 - 3*s + 14. Let w be z(-5). Suppose 0 = -7*b + w*b - 15. Is p(b) a prime number?
True
Let j = -713840 - -1049269. Is j composite?
False
Let l(g) = -214*g**3 + 6*g**2 - 39*g - 167. Is l(-4) a composite number?
False
Let v(g) = -103*g**3 - g**2 + 198*g**3 + 775*g**3 + 0*g**2. Is v(1) composite?
True
Suppose 76*k = 80*k - 12. Suppose 10162 = 3*o + x, k*o + 4*x - 11209 = -1062. Is o composite?
False
Let h(f) = -f**2 + f + 1. Let d be h(0). Let u be 9/(-18) - 63/(-6)*d. Suppose -u*i = i - 4741. Is i prime?
True
Let i(a) = -121*a - 61*a + 61 + 31*a + 46*a - 151*a. Is i(-21) prime?
True
Let d = 2187 - -9960. Let c = 18221 - d. Is c a composite number?
True
Suppose 2*s + 5*b - 19 = 11, 4*s = 3*b + 8. Is s - (-640 - (1 + 1)) composite?
False
Suppose a - 4*a = -15. Let o(b) be the first derivative of 234*b**2 - 7*b + 450. Is o(a) prime?
True
Suppose 3*b - 35585 = -2*p, 11*b + 4*p = 15*b - 47460. Is b a composite number?
False
Suppose -4*p - 20 = -4*r, 0*p + 3*r - 31 = 5*p. Is p + 1466 - (0 + 1) composite?
True
Let g(z) = -20*z - 3. Let k be g(-1). Suppose -k*w - 68033 = -24*w. Is w composite?
False
Suppose 46*j - 92215 = 59815. Is j a prime number?
False
Let j(h) be the second derivative of 27*h**4/2 - h**3 - 25*h**2/2 + 10*h + 4. Is j(6) a prime number?
False
Let y = 400 + -300. Is 4054 + (-10)/(y/90) a prime number?
False
Let z(i) = -3021*i - 8786. Is z(-97) composite?
True
Let w(y) be the second derivative of -7/2*y**2 + 0 + 39/20*y**5 + 1/4*y**4 - 1/3*y**3 + 3*y. Is w(3) a composite number?
True
Let x(p) = -p**3 - 6*p**2 + 10*p - 4. Suppose 25 + 11 = 2*c. Suppose -k = k + c. Is x(k) a composite number?
False
Suppose -r + 4*v - 77266 + 1477727 = 0, 0 = 5*r - v - 7002438. Is r composite?
False
Let q = 82534 - 129324. Let y = 70455 + q. Is y a prime number?
False
Suppose -9*b + 6*b = a - 645164, -215063 = -b - 2*a. Is b prime?
False
Suppose 4*y = -2*o + 12, -4*o + 3*y - 16 = y. Is (5/1 + -11827)/o prime?
False
Let z(b) = 7*b - 32. Let c be z(7). Suppose w + 199312 = c*w. Is w composite?
False
Let h = 67 + -65. Suppose -9927 - 2601 = -h*o. Suppose -8*k + 1952 = -o. Is k a prime number?
False
Let g be (3 - (0 - 13 - -2))/(-2). Is 1845 - (g + 2 - -7) a prime number?
False
Suppose -155 + 144 = 11*c. Let u(a) = 10866*a**2 + 4*a + 5. Is u(c) a composite number?
False
Suppose 3*a + 15 = 0, 3*n - a - 181 = 4*a. Let h be 3 + 29804/n + 4/(-26). Suppose -5*q = -79 - h. Is q a prime number?
True
Let g = -13504938 - -19055381. Is g a composite number?
False
Suppose -23 = -18*t + 31. Suppose -66 + 11210 = 4*v - 3*q, -v + 2801 = t*q. Is v prime?
True
Suppose -2*n - 9 = -3*n. Let h be 9/n*4*1. Suppose 0 = h*b - 5*b - 2*l + 417, 2*l = 2*b - 840. Is b a prime number?
True
Let r be 63/(-6) - (2/(-4))/1. Is (-9 - r) + -1 + 2326 a prime number?
False
Let l(c) = c**2 + 2*c + 2. Let y be l(-1). Suppose -k = -y - 20. Is 6580/49 + 0 + (-6)/k prime?
False
Suppose 0 = 4*m - 7 + 27. Let o be 1/m + 12249/45. Suppose 2*b - 386 = o. Is b a composite number?
True
Let y(l) = -l**2 - 6*l + 2. Let o be y(-6). Suppose 2*h + 706 = 4*j - 26314, -o*j + 5*h + 13494 = 0. Is j a prime number?
False
Suppose -4*f - 500830 = -3*p - 2545949, f = 2*p + 511281. Is f composite?
False
Suppose 7*u = -5680 + 40554. Suppose -63343 = -17*n - u. Is n composite?
False
Let d = 4686 + 4633. Suppose 3*n + 14*v = 19*v + 9347, 3*n = -2*v + d. Is n a composite number?
False
Let m = -63622 - -152373. Is m prime?
False
Let n(t) = 114*t**2 - 3*t + 3. Let o be n(-4). Is -1*o/(-6)*2 prime?
True
Let r = 108 + -104. Is 54645/45*(-1 + r) a prime number?
True
Let m(w) = 6*w**3 + 47*w**2 + w - 10. Let n be (98/(4 - 11))/(-2). Is m(n) composite?
True
Suppose -5*n - 72 + 17 = 0. Let j be n + 12 + (0 - -48). Let w = j + -10. Is w composite?
True
Suppose -5*p = -2*j + 603, 4*j - 2*p + 198 - 1396 = 0. Is j + (-4 - ((0 - -4) + -4))